ctors of z.
2, 5
Let u(i) = -i**2 - 10*i + 2. Let y be u(-9). Let q(s) = -s**2 + 13*s + 5. Let c be q(y). Let a = c + -14. What are the prime factors of a?
13
Let o(f) = 5*f**2 - 10*f - 2. List the prime factors of o(6).
2, 59
Suppose -2*d + 5*w - 46 = 0, -44 = 2*d + 2*w - 6*w. Let j be d/10*(-20)/6. Suppose j*u = 3*u + 33. List the prime factors of u.
11
Suppose -4*c + 9*c = 20, 0 = -5*t + c + 331. List the prime factors of t.
67
Let u = 97 - 62. What are the prime factors of u?
5, 7
Let b = -11 - -7. Let q(g) = 183*g**3 + 3*g**2 - 2 - 7*g - 182*g**3 - 4. List the prime factors of q(b).
2, 3
Let v(z) = -z - 7. Let w be v(-7). Let u = 7 - w. What are the prime factors of u?
7
Suppose -5*v + 15 = -20. Let y = v + -3. Suppose -y*a - 5*q + 101 = 4, 100 = 5*a + 2*q. What are the prime factors of a?
2, 3
Let y = -12 + 24. Suppose -4*u + y = -4. What are the prime factors of u?
2
Let z(c) = -c**2 + 7*c - 5. Let m be z(7). Let a be m/10 - (-23)/(-2). Let u = 17 + a. List the prime factors of u.
5
List the prime factors of 3/(-2)*80/(-12).
2, 5
What are the prime factors of 10/4*216/12?
3, 5
Suppose 0 = 3*i + 6, 4*i = -0*v + 3*v - 68. Suppose 0 = -3*y + 2*r + 6 + v, 4*y - 3*r = 36. What are the prime factors of 2/(-6)*y/(-1)?
2
Let r(i) = i**2 - 5. List the prime factors of r(5).
2, 5
Let t(a) = a**3 + 6*a**2 + a + 7. Let r be t(-6). Let i be -2 + 5 - (1 + 1). List the prime factors of (1 + 1)*r/i.
2
Suppose -u - 2*u + 21 = 0. Suppose -u*i + 63 = -4*i. What are the prime factors of i?
3, 7
Let n(l) = -25*l - 23. List the prime factors of n(-6).
127
Let f be (-1 - 10) + 0 + 0. Let u = -3 - f. Let h = u + 2. What are the prime factors of h?
2, 5
Let u be ((-182)/7)/(-1 + 3). Let f = u - -42. List the prime factors of f.
29
Let j(q) = -q - 1. Suppose -17 = 4*w - 1. Let s be j(w). Suppose -s*z = -2*z - 7. List the prime factors of z.
7
Let c(n) be the third derivative of n**7/420 - n**6/720 + n**5/60 - n**2. Let t(m) be the third derivative of c(m). What are the prime factors of t(1)?
11
Suppose 0 = 5*p + 3*u + 13, -3*u + 2*u + 1 = -p. Let y(k) = 2*k**3 + k**2 - 2*k. Let h be y(p). List the prime factors of 15/(-2)*h/6.
2, 5
Suppose -137 = -5*z + 68. What are the prime factors of z?
41
Let z = 190 + -122. Suppose 2*a - 38 = -2*p, 4*p = a + a - z. List the prime factors of a.
2, 3
Let i = 50 - -23. List the prime factors of i.
73
Suppose 0 = 4*j + 5*l - 99, -2*l - 5 = 5. List the prime factors of j.
31
Let q = 136 - 73. What are the prime factors of q?
3, 7
Suppose 0 = 2*c - 23 - 7. Suppose 23 = -f - 3*x, 3*x + c = -0*x. What are the prime factors of -34*-2*(-2)/f?
17
What are the prime factors of 1552/20 - 16/(-40)?
2, 3, 13
Let p(m) = -m**2 + 5*m + 4. Let v be p(5). Suppose -w = -n, 3*n = 4*w + v*n - 10. What are the prime factors of w?
2
Suppose -k + s = -8, 3*s - 7*s - 12 = 0. What are the prime factors of k?
5
Suppose -5*m + 7 = -8. Suppose 2*f + m*f - 5 = -5*n, -f - 3 = 0. What are the prime factors of n?
2
Let y be ((-2)/(-1))/(8/(-36)). Let a = y - -17. What are the prime factors of -1*(0 - 1)*a?
2
Suppose 6*u = 4*u - 96. Let k = -34 - u. What are the prime factors of k?
2, 7
Suppose 4*w + 12 - 56 = 0. Suppose 0 = d - 1 - w. List the prime factors of d.
2, 3
Suppose -2*a + 11 = -7. Suppose 6 = 5*r - a. What are the prime factors of r?
3
Let a be (-2)/11 + (-258)/33. Let o(x) = x**3 + 7*x**2 + 4*x - 5. Let v be o(-4). Let z = a + v. What are the prime factors of z?
19
Let j(l) = -2*l. Let s be j(5). Let x(y) be the second derivative of y**5/20 + 3*y**4/4 - 5*y**3/3 + 5*y**2/2 - 39*y. What are the prime factors of x(s)?
5
Suppose 3 - 2 = -n + 4*y, y = -3*n + 62. Let v = n - 5. What are the prime factors of v?
2, 7
Let d(g) = 12*g**2 - g**2 + 3*g**2 - g - 1. List the prime factors of d(-1).
2, 7
Let p(f) be the second derivative of f**6/60 + f**4/24 + f**3/6 - 2*f**2 + 4*f. Let s(o) be the first derivative of p(o). What are the prime factors of s(2)?
19
Let h(k) = -k**2 - 8*k + 13. Let y be h(-9). Suppose 0 = -5*x - 5*j - 10, -2*j - j + 1 = -y*x. Let z(o) = -5*o**3 + o. What are the prime factors of z(x)?
2
Let r(s) = 2*s + 14. Let o be ((-30)/(-8))/(4/16). What are the prime factors of r(o)?
2, 11
Suppose 2*u - 24 = -0*u. Suppose -3*z + 0*z = u. Let x(v) = -v**2 - 4*v + 5. List the prime factors of x(z).
5
Let a = 7 + -7. Let l(j) = j**3 + 12. What are the prime factors of l(a)?
2, 3
Let s(f) = f**3 - 2*f**2 + f + 2. Let m = 0 - -20. Let t be (-10)/4*(-16)/m. What are the prime factors of s(t)?
2
Let i(b) = b**3 - b**2 + b - 20. Let y be i(0). Let u = y - -37. What are the prime factors of u?
17
Let t = 159 - 36. List the prime factors of t.
3, 41
Let m(x) = -2*x - 8. Let p(i) = 5*i + 17. Let a(j) = 13*m(j) + 6*p(j). Let k be a(3). List the prime factors of k + (0 - 0 - 2).
2
Let m(b) = 12*b + 2. List the prime factors of m(20).
2, 11
Suppose 7 - 13 = 2*f. List the prime factors of (39/f)/(1 - 2).
13
Let n(v) = 10*v**2. Let c be n(-1). Let w(a) = -a**3 + 10*a**2 + a + 11. List the prime factors of w(c).
3, 7
Let l be ((-28)/(-21))/(2/(-12)). Let r = -4 - l. Let x(a) = 2*a - 4. List the prime factors of x(r).
2
Let c(i) = -5*i - 17. Let q(o) = -2*o + 10. Let z be q(9). List the prime factors of c(z).
23
Let n(i) = -i**3 + 8*i**2 - 5*i + 6. Suppose 4*d - 2*d = 14. List the prime factors of n(d).
2, 5
Let d(t) = t - 26. Let a be d(16). What are the prime factors of (-2)/a + (-534)/(-30)?
2, 3
Suppose -6*d - 207 = -2391. What are the prime factors of d?
2, 7, 13
Suppose -6 = -5*j - 1. Let v = j - -2. Suppose -5*y = v*u - 38, u - 16 = -3*y + 10. List the prime factors of y.
2, 5
List the prime factors of (-31)/(-1) + 0 + 2.
3, 11
Suppose 659 = -10*s + 2019. List the prime factors of s.
2, 17
Suppose 8*l = 3*l - 90. What are the prime factors of (-6)/(-27) - 518/l?
29
Let c = 3 + -2. Let d be (-35)/10 + c/(-2). Let y = d + 12. What are the prime factors of y?
2
Let r(w) = -4*w**3 + 5*w**2 + 2 + 2*w**2 + 5*w**3 - 2*w**2. Let k be r(-5). Suppose -2*p + 20 = 2*t, 3*t - 3*p + k*p - 10 = 0. List the prime factors of t.
5
Let a be (-16)/(-20)*(-5)/(-2). Suppose 0 = -a*d + 6, -3*b - b + 4*d = -4. What are the prime factors of b?
2
Let m = -14 - -10. Let h(p) = p**2 - 3*p - 1. Let u be h(m). Let o = -16 + u. What are the prime factors of o?
11
Let y = -8 + 10. Let j be (y/(-4))/((-1)/18). What are the prime factors of 43/j - 8/(-36)?
5
Let q(m) = -m**3 - 2*m**2 - 5. Let g(k) = 1. Let z(y) = -4*g(y) - q(y). Let w be z(-2). Suppose -2*l - 4*v = 0, -5*v + w + 3 = 3*l. List the prime factors of l.
2
Suppose 0 = -4*s + 2*d - 16, -5*d = s - 4*d - 2. Let m(y) = y**2 + 3*y + 2. Let k be m(s). Let v = 6 + k. What are the prime factors of v?
2, 3
Let y be (-3)/(-2)*(-30)/(-9). Suppose t - h + 4 - y = 0, 0 = -h - 2. Let b = t + 3. List the prime factors of b.
2
Let q = 65 + 144. List the prime factors of q.
11, 19
Suppose 90 = 6*b - b. Let t(j) = -j**2 - j + 7. Let x be t(-5). Let h = b + x. What are the prime factors of h?
5
Suppose 2*a + 1 = -w, 3*a = -w + 4*a + 5. Let d(x) = w - 2 + 1 - 7*x. List the prime factors of d(-3).
23
Suppose 47*m = 45*m + 106. List the prime factors of m.
53
Let z(u) = u**2 + u - 4. Let d be z(4). Suppose -3*h - 3*q = 9, 3*h + 34 = -0*h + 2*q. Let k = h + d. What are the prime factors of k?
2
Let r = 24 + -2. List the prime factors of r.
2, 11
Suppose -w + 5 = 4*s, 4*w = 2*s + 2*s + 20. Let a(c) = c + 6. List the prime factors of a(w).
11
Let l(u) = -u + 1. Let y be l(-4). Let f(i) be the second derivative of i**4/12 - 2*i**3/3 - i**2 + 6*i. List the prime factors of f(y).
3
Let a = 23 + 164. What are the prime factors of a?
11, 17
Suppose -5*s - 2*t - 2*t + 22 = 0, -2*s + 1 = -t. Let r(i) = i + 4. Let v be r(0). Suppose -s*p + 18 = -v. What are the prime factors of p?
11
Let r(u) be the third derivative of 1/8*u**4 - 2*u**2 + 0 + 0*u - 1/2*u**3. List the prime factors of r(4).
3
Let j be (-7)/(-21) + 106/6. Suppose -2*d - 3*x - 3 = -5*d, 0 = 4*d + x - 14. List the prime factors of ((-1)/d)/((-2)/j).
3
Suppose -3*n = -n - 16. Let p = 14 - n. List the prime factors of p.
2, 3
Suppose -6*i = -3*g - i - 7, -g - 29 = 5*i. Let x = -6 - g. Suppose 3*y + x = 27. What are the prime factors of y?
2
Suppose 0 = -y - 0*y + 2. Suppose 4*c + 5 = -3, -x 